675.
267
Calculate the greatest common divisor of 404916 and 369.
123
Calculate the highest common divisor of 36100 and 114076.
1444
Calculate the greatest common factor of 26 and 10322.
26
What is the greatest common factor of 20 and 1125100?
20
What is the highest common factor of 33552 and 6444?
36
What is the greatest common divisor of 400 and 1425?
25
What is the greatest common divisor of 230 and 759?
23
What is the greatest common divisor of 5540 and 240?
20
What is the highest common factor of 392 and 53459?
49
What is the greatest common factor of 77259 and 1911?
273
Calculate the greatest common divisor of 5280 and 148280.
440
What is the highest common factor of 565 and 1437699?
113
Calculate the greatest common factor of 224970 and 20.
10
What is the greatest common divisor of 516 and 216548?
172
What is the highest common divisor of 477 and 2186727?
159
What is the greatest common divisor of 19388 and 4192?
524
What is the highest common divisor of 4 and 67956?
4
Calculate the greatest common factor of 37835 and 299.
23
Calculate the greatest common divisor of 392 and 10836.
28
Calculate the highest common divisor of 433041 and 969.
51
Calculate the greatest common factor of 731 and 123754.
43
Calculate the greatest common factor of 353581 and 235.
47
Calculate the highest common factor of 52 and 2084.
4
Calculate the greatest common divisor of 2356 and 5348.
4
Calculate the highest common factor of 867910 and 1516.
758
What is the highest common factor of 27 and 127062?
27
Calculate the highest common factor of 353366 and 26.
26
What is the greatest common divisor of 104265 and 175?
35
What is the highest common divisor of 123606 and 13797?
189
What is the greatest common divisor of 109323 and 603?
9
Calculate the greatest common factor of 4391232 and 576.
192
Calculate the greatest common divisor of 8261 and 297.
11
Calculate the highest common factor of 1825 and 23068.
73
What is the greatest common factor of 74190 and 60?
30
What is the greatest common divisor of 212720 and 240?
80
Calculate the highest common divisor of 567 and 36225.
63
Calculate the greatest common factor of 96 and 4506000.
48
What is the greatest common factor of 2805050 and 50?
50
What is the greatest common divisor of 125 and 19200?
25
What is the greatest common divisor of 41 and 1?
1
Calculate the highest common divisor of 8509020 and 39.
39
What is the greatest common factor of 61 and 610427?
61
What is the highest common divisor of 1106 and 155393?
553
Calculate the highest common factor of 162 and 59940.
162
Calculate the greatest common divisor of 15 and 1692.
3
Calculate the greatest common factor of 1908 and 444.
12
What is the highest common divisor of 1236 and 96717?
309
What is the highest common factor of 254 and 39243?
127
Calculate the highest common factor of 4978 and 54.
2
Calculate the greatest common factor of 1185843 and 123.
123
Calculate the greatest common factor of 1620 and 1782.
162
Calculate the greatest common divisor of 1040 and 702.
26
What is the highest common divisor of 6490 and 33242?
22
What is the greatest common factor of 75423 and 93?
93
Calculate the greatest common factor of 1020 and 140.
20
Calculate the highest common factor of 186 and 3258.
6
What is the highest common divisor of 36 and 12414?
6
What is the greatest common divisor of 74790 and 1200?
30
Calculate the greatest common factor of 53393 and 64870.
499
Calculate the greatest common divisor of 3074 and 1972.
58
What is the greatest common divisor of 244 and 30390688?
244
Calculate the highest common divisor of 726 and 1175394.
726
What is the greatest common divisor of 2076 and 1022?
2
What is the highest common divisor of 6552 and 175448?
728
Calculate the greatest common factor of 31 and 291214.
31
What is the greatest common factor of 228 and 49305?
57
What is the highest common factor of 1278 and 20235?
213
Calculate the highest common factor of 3956 and 11524.
172
Calculate the greatest common divisor of 25262 and 34.
34
What is the greatest common factor of 959988 and 12?
12
What is the highest common divisor of 7624 and 128655?
953
What is the highest common divisor of 81 and 7929?
9
What is the greatest common divisor of 2064 and 5934?
258
What is the highest common divisor of 10 and 84610?
10
What is the greatest common factor of 657 and 56283?
219
What is the greatest common factor of 77885 and 370?
185
Calculate the greatest common factor of 530 and 4910.
10
Calculate the highest common divisor of 763772 and 474.
158
Calculate the greatest common factor of 18942 and 2050.
82
Calculate the greatest common divisor of 3703 and 14973.
161
What is the highest common factor of 37 and 486883?
37
What is the greatest common divisor of 327 and 212441?
109
What is the greatest common divisor of 72 and 7368?
24
Calculate the greatest common divisor of 168 and 198300.
12
Calculate the highest common divisor of 9168 and 10704.
48
Calculate the greatest common divisor of 112 and 8498.
14
Calculate the highest common divisor of 231 and 577038.
231
What is the highest common divisor of 451584 and 42?
42
Calculate the highest common divisor of 416005 and 302.
151
What is the highest common factor of 21795 and 1245?
15
What is the highest common divisor of 50 and 1043650?
50
Calculate the greatest common factor of 13 and 512473.
13
Calculate the highest common divisor of 8037 and 342.
171
Calculate the greatest common divisor of 578 and 23137918.
578
What is the highest common divisor of 9 and 143676?
9
What is the highest common divisor of 652774 and 284?
142
Calculate the highest common factor of 57729 and 21.
21
Calculate the highest common divisor of 6538418 and 593.
593
What is the greatest common divisor of 110 and 3058?
22
Calculate the greatest common divisor of 244 and 1045052.
244
Calculate the highest common factor of 266987 and 1204.
301
What is the highest common divisor of 1847131 and 143?
143
Calculate the highest common divisor of 985 and 394.
197
Calculate the greatest common divisor of 450736 and 80.
16
What is the highest common factor of 1545 and 31415?
515
What is the greatest common divisor of 26854 and 7250?
58
Calculate the greatest common divisor of 993209 and 1953.
217
What is the highest common divisor of 56250 and 12?
6
Calculate the highest common divisor of 4789376 and 34.
34
What is the greatest common factor of 98 and 115640?
98
What is the greatest common divisor of 295025 and 100?
25
What is the greatest common factor of 1168440 and 112?
56
What is the greatest common factor of 38655 and 288?
9
Calculate the greatest common divisor of 181769 and 2898.
161
What is the greatest common divisor of 345478 and 21?
7
Calculate the highest common divisor of 12800 and 9800.
200
Calculate the greatest common divisor of 427 and 42944.
61
Calculate the greatest common factor of 29931 and 2343.
33
Calculate the greatest common divisor of 1355479 and 323.
19
What is the greatest common factor of 1201820 and 20?
20
What is the highest common divisor of 40 and 17065?
5
Calculate the highest common divisor of 10087 and 15589.
917
What is the greatest common divisor of 14566274 and 1121?
1121
Calculate the highest common divisor of 41035 and 87.
29
Calculate the greatest common factor of 2058 and 2667.
21
Calculate the highest common factor of 11882 and 546.
26
Calculate the highest common divisor of 221 and 458939.
13
What is the greatest common factor of 216 and 1486?
2
What is the highest common divisor of 131 and 21?
1
What is the greatest common divisor of 120 and 1305?
15
Calculate the highest common divisor of 20050 and 200.
50
What is the highest common factor of 3484 and 2132?
52
What is the highest common divisor of 656 and 5504?
16
What is the highest common factor of 5985 and 69615?
315
What is the highest common divisor of 351 and 14103?
9
Calculate the greatest common divisor of 441 and 11202282.
441
What is the greatest common factor of 1187 and 26318164?
1187
What is the highest common factor of 1929 and 138245?
643
What is the greatest common divisor of 66183 and 39?
39
What is the highest common factor of 188873 and 134?
67
What is the highest common divisor of 78 and 218952?
6
Calculate the highest common factor of 5653764